What is the hundreds digit of 13945283?
2
What is the millions digit of 16404928?
6
What is the hundred thousands digit of 1781788?
7
What is the thousands digit of 3987457?
7
What is the hundreds digit of 589496?
4
What is the units digit of 3506?
6
What is the hundred thousands digit of 122421?
1
What is the ten thousands digit of 9559869?
5
What is the tens digit of 1675203?
0
What is the hundred thousands digit of 12963041?
9
What is the hundreds digit of 20249079?
0
What is the ten thousands digit of 1578726?
7
What is the tens digit of 2019367?
6
What is the thousands digit of 3903633?
3
What is the hundred thousands digit of 10356496?
3
What is the hundred thousands digit of 3973173?
9
What is the tens digit of 728763?
6
What is the hundred thousands digit of 7430048?
4
What is the hundreds digit of 276949?
9
What is the hundreds digit of 91673?
6
What is the millions digit of 1535510?
1
What is the ten thousands digit of 10376414?
7
What is the hundred thousands digit of 375843?
3
What is the millions digit of 8423786?
8
What is the ten thousands digit of 170923?
7
What is the ten thousands digit of 20545?
2
What is the ten thousands digit of 5595604?
9
What is the units digit of 1457212?
2
What is the ten millions digit of 26438810?
2
What is the millions digit of 1356976?
1
What is the units digit of 925978?
8
What is the ten thousands digit of 384139?
8
What is the hundreds digit of 669720?
7
What is the thousands digit of 30210613?
0
What is the thousands digit of 194610?
4
What is the thousands digit of 2112811?
2
What is the hundreds digit of 13779105?
1
What is the units digit of 311281?
1
What is the hundreds digit of 209613?
6
What is the ten thousands digit of 352182?
5
What is the thousands digit of 687635?
7
What is the hundred thousands digit of 1879237?
8
What is the ten thousands digit of 381275?
8
What is the hundred thousands digit of 126735?
1
What is the hundreds digit of 669029?
0
What is the ten thousands digit of 3515791?
1
What is the tens digit of 3495460?
6
What is the hundreds digit of 564179?
1
What is the thousands digit of 110360?
0
What is the tens digit of 664911?
1
What is the ten thousands digit of 300574?
0
What is the hundred thousands digit of 2389129?
3
What is the thousands digit of 593684?
3
What is the hundred thousands digit of 198079?
1
What is the tens digit of 45090?
9
What is the tens digit of 1740752?
5
What is the millions digit of 1676220?
1
What is the tens digit of 82841?
4
What is the ten thousands digit of 34424782?
2
What is the thousands digit of 9224960?
4
What is the hundreds digit of 3689692?
6
What is the hundreds digit of 956656?
6
What is the hundred thousands digit of 1157119?
1
What is the hundred thousands digit of 5710915?
7
What is the ten thousands digit of 140570?
4
What is the hundred thousands digit of 19573775?
5
What is the thousands digit of 301044?
1
What is the hundred thousands digit of 4517026?
5
What is the thousands digit of 8905238?
5
What is the ten thousands digit of 30998207?
9
What is the units digit of 1166326?
6
What is the hundred thousands digit of 173046?
1
What is the ten thousands digit of 34216?
3
What is the units digit of 53150?
0
What is the hundred thousands digit of 612363?
6
What is the ten thousands digit of 335214?
3
What is the units digit of 146485?
5
What is the tens digit of 2186295?
9
What is the ten thousands digit of 69044?
6
What is the ten millions digit of 11094364?
1
What is the units digit of 146452?
2
What is the hundreds digit of 726715?
7
What is the tens digit of 465589?
8
What is the hundred thousands digit of 934120?
9
What is the ten thousands digit of 11894073?
9
What is the units digit of 374633?
3
What is the units digit of 533867?
7
What is the millions digit of 1148772?
1
What is the ten thousands digit of 2120752?
2
What is the hundreds digit of 1715864?
8
What is the thousands digit of 5614990?
4
What is the ten thousands digit of 9227929?
2
What is the millions digit of 2296341?
2
What is the hundreds digit of 40505?
5
What is the ten thousands digit of 8340242?
4
What is the tens digit of 7231873?
7
What is the hundreds digit of 8946953?
9
What is the ten thousands digit of 664573?
6
What is the ten thousands digit of 126194?
2
What is the thousands digit of 16565622?
5
What is the ten thousands digit of 31017916?
1
What is the hundred thousands digit of 210626?
2
What is the ten millions digit of 13824822?
1
What is the tens digit of 1792281?
8
What is the tens digit of 1889536?
3
What is the ten thousands digit of 27439530?
3
What is the tens digit of 6653767?
6
What is the ten thousands digit of 1303665?
0
What is the tens digit of 696652?
5
What is the hundred thousands digit of 305255?
3
What is the ten thousands digit of 9778375?
7
What is the hundred thousands digit of 1340586?
3
What is the tens digit of 524383?
8
What is the millions digit of 1317722?
1
What is the units digit of 9987399?
9
What is the units digit of 2272268?
8
What is the thousands digit of 1662579?
2
What is the hundred thousands digit of 264501?
2
What is the units digit of 31468?
8
What is the ten thousands digit of 4760473?
6
What is the hundreds digit of 662199?
1
What is the tens digit of 1531223?
2
What is the ten thousands digit of 100605?
0
What is the hundreds digit of 6003292?
2
What is the units digit of 30874186?
6
What is the tens digit of 5420?
2
What is the ten thousands digit of 15159630?
5
What is the hundreds digit of 10907062?
0
What is the thousands digit of 132298?
2
What is the ten thousands digit of 70037?
7
What is the ten thousands digit of 98257?
9
What is the thousands digit of 3323766?
3
What is the tens digit of 1582403?
0
What is the millions digit of 4040351?
4
What is the hundred thousands digit of 199544?
1
What is the hundreds digit of 313974?
9
What is the thousands digit of 198288?
8
What is the units digit of 7234841?
1
What is the thousands digit of 469496?
9
What is the hundreds digit of 399200?
2
What is the millions digit of 8609942?
8
What is the tens digit of 2225378?
7
What is the ten thousands digit of 127183?
2
What is the thousands digit of 22490638?
0
What is the tens digit of 13602663?
6
What is the units digit of 2443611?
1
What is the ten thousands digit of 468114?
6
What is the hundreds digit of 9524170?
1
What is the hundred thousands digit of 215985?
2
What is the units digit of 338574?
4
What is the units digit of 409588?
8
What is the hundreds digit of 178089?
0
What is the tens digit of 646498?
9
What is the hundred thousands digit of 327247?
3
What is the hundreds digit of 1823257?
2
What is the hundred thousands digit of 3600580?
6
What is the units digit of 204057?
7
What is the units digit of 185?
5
What is the hundreds digit of 328402?
4
What is the thousands digit of 168218?
8
What is the hundred thousands digit of 230351?
2
What is the ten thousands digit of 12139825?
3
What is the ten thousands digit of 4201236?
0
What is the thousands digit of 321827?
1
What is the ten thousands digit of 6318923?
1
What is the tens digit of 144558?
5
What is the units digit of 1515220?
0
What is the ten thousands digit of 4322795?
2
What is the units digit of 584022?
2
What is the tens digit of 2065886?
8
What is the thousands digit of 414419?
4
What is the thousands digit of 1147655?
7
What is the units digit of 64961?
1
What is the hundreds digit of 12706439?
4
What is the units digit of 2795?
5
What is the tens digit of 1097426?
2
What is the hundreds digit of 5726699?
6
What is the units digit of 900503?
3
What is the hundreds digit of 124962?
9
What is the units digit of 3246077?
7
What is the ten thousands digit of 197738?
9
What is the units digit of 12142550?
0
What is the hundred thousands digit of 7398204?
3
What is the hundreds digit of 1891667?
6
What is the ten thousands digit of 26206291?
0
What is the ten thousands digit of 220646?
2
What is the hundreds digit of 17038282?
2
What is the units digit of 4131594?
4
What is the hundred thousands digit of 672819?
6
What is the units digit of 7484426?
6
What is the ten thousands digit of 3277365?
7
What is the thousands digit of 1486254?
6
What is the hundred thousands digit of 12343424?
3
What is the hundreds digit of 28